re the prime factors of 217360860?
2, 3, 5, 1637, 2213
List the prime factors of 915498032.
2, 229, 249863
What are the prime factors of 478431207?
3, 563, 94421
What are the prime factors of 102590719?
7, 11, 29, 45943
List the prime factors of 16891795.
5, 17, 37, 41, 131
What are the prime factors of 1431310388?
2, 193, 1854029
List the prime factors of 54258601.
54258601
What are the prime factors of 142006983?
3, 149, 269, 1181
What are the prime factors of 725507925?
3, 5, 9673439
What are the prime factors of 507549712?
2, 31721857
What are the prime factors of 43885920?
2, 3, 5, 13, 541
List the prime factors of 18794426.
2, 7, 353, 3803
List the prime factors of 28918058.
2, 13, 89, 12497
What are the prime factors of 1986407805?
3, 5, 211, 627617
List the prime factors of 96403652.
2, 157, 153509
What are the prime factors of 178138556?
2, 44534639
What are the prime factors of 239760195?
3, 5, 61, 157, 1669
What are the prime factors of 1024263016?
2, 7, 18290411
List the prime factors of 267129816.
2, 3, 19, 59, 9929
List the prime factors of 959960266.
2, 431, 1113643
List the prime factors of 17784087.
3, 37, 160217
What are the prime factors of 601276233?
3, 37, 283, 19141
What are the prime factors of 58188612?
2, 3, 31, 156421
What are the prime factors of 54747011?
11, 1951, 2551
List the prime factors of 580668566.
2, 29, 577, 17351
List the prime factors of 3180255964.
2, 263, 3023057
What are the prime factors of 5752989771?
3, 17, 6635513
List the prime factors of 306473555.
5, 61294711
What are the prime factors of 36190890?
2, 3, 5, 163, 2467
List the prime factors of 202060280.
2, 5, 313, 16139
What are the prime factors of 145952530?
2, 5, 14595253
List the prime factors of 1234587508.
2, 7, 11, 59, 67939
What are the prime factors of 52205104?
2, 7, 29, 16073
What are the prime factors of 353385436?
2, 5231, 16889
What are the prime factors of 23428168?
2, 23, 157, 811
What are the prime factors of 3259517122?
2, 257, 6341473
List the prime factors of 2684796000.
2, 3, 5, 229, 977
List the prime factors of 605012064.
2, 3, 43, 146563
List the prime factors of 179188765.
5, 7, 5119679
List the prime factors of 284920855.
5, 56984171
List the prime factors of 1299749890.
2, 5, 129974989
What are the prime factors of 4077347710?
2, 5, 313, 1302667
What are the prime factors of 508053?
3, 7, 13, 1861
List the prime factors of 3885129894.
2, 3, 43, 61, 5741
List the prime factors of 633539465.
5, 13, 9746761
List the prime factors of 522889990.
2, 5, 7, 7469857
What are the prime factors of 4073963956?
2, 79, 12892291
What are the prime factors of 1085158255?
5, 31, 7001021
What are the prime factors of 376817719?
59, 241, 26501
List the prime factors of 16157226.
2, 3, 2692871
List the prime factors of 94157398.
2, 977, 48187
What are the prime factors of 119014274?
2, 37, 151, 10651
What are the prime factors of 158220000?
2, 3, 5, 293
What are the prime factors of 1750759475?
5, 61, 1148039
What are the prime factors of 379515353?
7, 54216479
List the prime factors of 1168183514.
2, 14143, 41299
List the prime factors of 4101548510.
2, 5, 410154851
List the prime factors of 4714689770.
2, 5, 7, 67352711
List the prime factors of 133159931.
89, 16811
List the prime factors of 1304774426.
2, 47, 13880579
What are the prime factors of 57200387?
57200387
What are the prime factors of 29905252?
2, 13, 191, 3011
What are the prime factors of 78654674?
2, 7, 37, 317, 479
What are the prime factors of 3992592039?
3, 1330864013
What are the prime factors of 419438632?
2, 52429829
What are the prime factors of 241435564?
2, 17, 31, 53, 2161
List the prime factors of 196143973.
19, 569, 18143
What are the prime factors of 1073736?
2, 3, 1657
List the prime factors of 224874865.
5, 44974973
List the prime factors of 2883400600.
2, 5, 17, 877, 967
What are the prime factors of 423647057?
113, 131, 28619
What are the prime factors of 3681890?
2, 5, 368189
List the prime factors of 3637924803.
3, 31, 13039157
What are the prime factors of 123747459?
3, 11, 67, 97, 577
List the prime factors of 355898447.
101, 1433, 2459
List the prime factors of 234321390.
2, 3, 5, 867857
List the prime factors of 392653037.
7, 31, 1809461
List the prime factors of 770946419.
8839, 87221
What are the prime factors of 26170606?
2, 7, 11, 2207
List the prime factors of 4299721506.
2, 3, 238873417
List the prime factors of 7661975345.
5, 31, 5309, 9311
What are the prime factors of 58565965?
5, 311, 37663
List the prime factors of 234986991.
3, 1699, 46103
List the prime factors of 28723453.
11, 31, 131, 643
What are the prime factors of 774349540?
2, 5, 139, 278543
List the prime factors of 582984107.
582984107
What are the prime factors of 1888704584?
2, 13, 18160621
What are the prime factors of 32490848?
2, 13, 83, 941
What are the prime factors of 2957451425?
5, 179, 251, 2633
What are the prime factors of 557095199?
37, 15056627
What are the prime factors of 30191242?
2, 151, 99971
What are the prime factors of 102939086?
2, 61, 843763
List the prime factors of 30016379.
1021, 29399
List the prime factors of 87386673.
3, 11, 2648081
What are the prime factors of 454181967?
3, 50464663
What are the prime factors of 5775740886?
2, 3, 541, 1779341
List the prime factors of 59854090.
2, 5, 2251, 2659
List the prime factors of 25803340.
2, 5, 1290167
What are the prime factors of 655325042?
2, 47, 6971543
List the prime factors of 2804320261.
23209, 120829
What are the prime factors of 69667537?
347, 200771
What are the prime factors of 49487455?
5, 127, 77933
List the prime factors of 457749088.
2, 2719, 5261
What are the prime factors of 2215602079?
2215602079
What are the prime factors of 56985251?
56985251
List the prime factors of 264984537.
3, 107, 881, 937
List the prime factors of 266718229.
1237, 215617
What are the prime factors of 425498693?
311, 1368163
What are the prime factors of 2244520?
2, 5, 56113
List the prime factors of 401289996.
2, 3, 541, 61813
List the prime factors of 36319167.
3, 599, 6737
What are the prime factors of 24653555?
5, 4930711
What are the prime factors of 78699241?
78699241
List the prime factors of 42478496.
2, 43, 30871
What are the prime factors of 33841650?
2, 3, 5, 225611
What are the prime factors of 3977427415?
5, 13, 19, 359, 8971
What are the prime factors of 650969046?
2, 3, 7, 13, 23, 37, 467
List the prime factors of 10913923.
19, 311, 1847
What are the prime factors of 953556160?
2, 5, 2979863
List the prime factors of 54955655.
5, 10991131
What are the prime factors of 701669646?
2, 3, 2543, 15329
What are the prime factors of 2338518580?
2, 5, 116925929
What are the prime factors of 1033929566?
2, 516964783
What are the prime factors of 630496086?
2, 3, 11, 9552971
What are the prime factors of 12793742?
2, 13, 492067
List the prime factors of 439583.
439583
What are the prime factors of 4299720524?
2, 11, 71, 241, 5711
What are the prime factors of 1579979607?
3, 526659869
List the prime factors of 810342936.
2, 3, 13, 865751
List the prime factors of 92296002.
2, 3, 41, 53, 7079
List the prime factors of 720134585.
5, 53, 61, 44549
List the prime factors of 34328884.
2, 8582221
List the prime factors of 398975922.
2, 3, 7388443
List the prime factors of 74066530.
2, 5, 73, 241, 421
List the prime factors of 67239626.
2, 23, 1461731
What are the prime factors of 1814014449?
3, 13, 73, 163, 1303
List the prime factors of 154045862.
2, 61, 1262671
List the prime factors of 707544035.
5, 11, 137, 93901
List the prime factors of 6497810545.
5, 1299562109
List the prime factors of 44708149.
503, 88883
What are the prime factors of 230211349?
5501, 41849
What are the prime factors of 456180106?
2, 228090053
What are the prime factors of 4907320731?
3, 67, 227, 35851
What are the prime factors of 1319401971?
3, 19, 7715801
What are the prime factors of 12311955?
3, 5, 107, 2557
List the prime factors of 1649155254.
2, 3, 274859209
What are the prime factors of 877054943?
877054943
What are the prime factors of 38891011?
38891011
List the prime factors of 292125144.
2, 3, 17, 43, 16651
What are the prime factors of 225900751?
31, 61, 67, 1783
List the prime factors of 88282659.
3, 29427553
What are 